{"id":155,"date":"2023-02-13T13:29:35","date_gmt":"2023-02-13T13:29:35","guid":{"rendered":"https:\/\/toimeks.fi\/?page_id=155"},"modified":"2023-03-17T18:09:45","modified_gmt":"2023-03-17T18:09:45","slug":"terapiapalvelut-paivi-penttila-oy3","status":"publish","type":"page","link":"https:\/\/toimeks.fi\/index.php\/terapiapalvelut-paivi-penttila-oy3\/","title":{"rendered":"Terapiapalvelut P\u00e4ivi Penttil\u00e4 Oy3"},"content":{"rendered":"<p>[et_pb_section fb_built=&#8221;1&#8243; admin_label=&#8221;Hero&#8221; _builder_version=&#8221;4.20.0&#8243; background_color=&#8221;RGBA(255,255,255,0)&#8221; use_background_color_gradient=&#8221;on&#8221; background_color_gradient_direction=&#8221;152deg&#8221; background_color_gradient_stops=&#8221;#2e5b61 17%|#0099b2 100%&#8221; background_image=&#8221;https:\/\/toimeks.fi\/wp-content\/uploads\/2023\/03\/circle-background-pattern.png&#8221; custom_padding=&#8221;70px||33px|||&#8221; animation_style=&#8221;zoom&#8221; animation_intensity_zoom=&#8221;4%&#8221; hover_enabled=&#8221;0&#8243; locked=&#8221;off&#8221; global_colors_info=&#8221;{}&#8221; sticky_enabled=&#8221;0&#8243;][et_pb_row _builder_version=&#8221;4.16&#8243; background_size=&#8221;initial&#8221; background_position=&#8221;top_left&#8221; background_repeat=&#8221;repeat&#8221; custom_padding=&#8221;|||&#8221; animation_style=&#8221;slide&#8221; animation_direction=&#8221;top&#8221; animation_intensity_slide=&#8221;3%&#8221; global_colors_info=&#8221;{}&#8221;][et_pb_column type=&#8221;4_4&#8243; _builder_version=&#8221;4.16&#8243; custom_padding=&#8221;|||&#8221; global_colors_info=&#8221;{}&#8221; custom_padding__hover=&#8221;|||&#8221;][et_pb_text _builder_version=&#8221;4.20.0&#8243; text_font=&#8221;||||||||&#8221; header_font=&#8221;Rubik|700||on|||||dotted&#8221; header_text_color=&#8221;#FFFFFF&#8221; header_font_size=&#8221;60px&#8221; header_letter_spacing=&#8221;1px&#8221; header_line_height=&#8221;1.4em&#8221; background_size=&#8221;initial&#8221; background_position=&#8221;top_left&#8221; background_repeat=&#8221;repeat&#8221; custom_margin=&#8221;|||&#8221; animation_style=&#8221;fade&#8221; header_font_size_tablet=&#8221;60px&#8221; header_font_size_phone=&#8221;32px&#8221; header_font_size_last_edited=&#8221;on|phone&#8221; locked=&#8221;off&#8221; global_colors_info=&#8221;{}&#8221;]<\/p>\n<h1>Terapiapalvelut<br \/>P\u00e4ivi Penttil\u00e4 Oy<\/h1>\n<p>[\/et_pb_text][et_pb_divider show_divider=&#8221;off&#8221; disabled_on=&#8221;on|on|off%22&#8243; _builder_version=&#8221;4.16&#8243; max_width=&#8221;120px&#8221; animation_style=&#8221;slide&#8221; animation_direction=&#8221;top&#8221; animation_intensity_slide=&#8221;30%&#8221; global_colors_info=&#8221;{}&#8221;][\/et_pb_divider][\/et_pb_column][\/et_pb_row][\/et_pb_section][et_pb_section fb_built=&#8221;1&#8243; admin_label=&#8221;About&#8221; _builder_version=&#8221;4.20.0&#8243; background_color=&#8221;#FFFFFF&#8221; custom_margin=&#8221;||60px|&#8221; custom_padding=&#8221;78px|0px|0|0px|false|false&#8221; global_colors_info=&#8221;{}&#8221;][et_pb_row column_structure=&#8221;1_2,1_2&#8243; _builder_version=&#8221;4.20.0&#8243; _module_preset=&#8221;default&#8221; custom_margin=&#8221;|auto|25px|auto||&#8221; global_colors_info=&#8221;{}&#8221;][et_pb_column type=&#8221;1_2&#8243; _builder_version=&#8221;4.20.0&#8243; _module_preset=&#8221;default&#8221; global_colors_info=&#8221;{}&#8221;][et_pb_text _builder_version=&#8221;4.20.0&#8243; text_font=&#8221;Inter||||||||&#8221; text_text_color=&#8221;#22434A&#8221; text_font_size=&#8221;18px&#8221; text_line_height=&#8221;1.8em&#8221; header_font=&#8221;Rubik|700|||||||&#8221; header_text_color=&#8221;#0099B2&#8243; header_font_size=&#8221;41px&#8221; custom_margin=&#8221;44px||-37px||false|false&#8221; custom_margin_tablet=&#8221;||-37px||false|false&#8221; custom_margin_phone=&#8221;||-37px||false|false&#8221; custom_margin_last_edited=&#8221;on|desktop&#8221; text_font_size_tablet=&#8221;16px&#8221; text_font_size_phone=&#8221;14px&#8221; text_font_size_last_edited=&#8221;on|tablet&#8221; header_font_size_tablet=&#8221;35px&#8221; header_font_size_phone=&#8221;31px&#8221; header_font_size_last_edited=&#8221;on|phone&#8221; locked=&#8221;off&#8221; global_colors_info=&#8221;{}&#8221;]<\/p>\n<h1>P\u00e4ivi Penttil\u00e4<\/h1>\n<p>Olen P\u00e4ivi Penttil\u00e4, toimintaterapeutti (1993), neuropsykiatrinen valmentaja (2008) ja lasten ja nuorten tunnetaito-ohjaaja (2022). Yritt\u00e4j\u00e4n\u00e4 olen toiminut vuodesta 1998 l\u00e4htien. Pitk\u00e4 ty\u00f6kokemus lasten ja nuorten toimintaterapiasta on tuonut mukanaan vahvan ammattitaidon, mit\u00e4 olen t\u00e4ydent\u00e4nyt monipuolisesti lis\u00e4koulutuksin.<\/p>\n<p>Toimintaterapeutin ty\u00f6ss\u00e4 asiakkaiden i\u00e4nmukaisen osallisuuden ja toimijuuden tukemiseen kokonaisvaltaista n\u00e4k\u00f6kulmaa tuovat mm. liikunta- ja hyvinvointialan t\u00e4ydennyskoulutukset (Hyvinvointivalmenjaja 2012, Personal Trainer 2013 \u2013 Trainer4you -lisensoitu) sek\u00e4 omaan ammattialaan suuntutuvat psykologian opinnot ja erityispedagogiin opinnot.<\/p>\n<p>[\/et_pb_text][\/et_pb_column][et_pb_column type=&#8221;1_2&#8243; _builder_version=&#8221;4.20.0&#8243; _module_preset=&#8221;default&#8221; global_colors_info=&#8221;{}&#8221;][et_pb_image src=&#8221;https:\/\/toimeks.fi\/wp-content\/uploads\/2023\/03\/paivi_penttila_toimintaterapia.jpg&#8221; title_text=&#8221;Toimintaterapiapalvelut P\u00e4ivi Penttil\u00e4&#8221; _builder_version=&#8221;4.20.0&#8243; _module_preset=&#8221;default&#8221; border_width_all=&#8221;10px&#8221; border_color_all=&#8221;#317d84&#8243; global_colors_info=&#8221;{}&#8221;][\/et_pb_image][\/et_pb_column][\/et_pb_row][et_pb_row _builder_version=&#8221;4.17.1&#8243; _module_preset=&#8221;default&#8221; custom_padding=&#8221;3px|||||&#8221; global_colors_info=&#8221;{}&#8221;][et_pb_column type=&#8221;4_4&#8243; _builder_version=&#8221;4.17.1&#8243; _module_preset=&#8221;default&#8221; global_colors_info=&#8221;{}&#8221;][et_pb_text _builder_version=&#8221;4.20.0&#8243; _module_preset=&#8221;1f09816e-184e-4ce5-a4cf-b39c52c423ca&#8221; text_font=&#8221;Inter||||||||&#8221; text_text_color=&#8221;#22434A&#8221; text_font_size=&#8221;18px&#8221; text_line_height=&#8221;1.8em&#8221; text_font_size_tablet=&#8221;16px&#8221; text_font_size_phone=&#8221;14px&#8221; text_font_size_last_edited=&#8221;on|tablet&#8221; global_colors_info=&#8221;{}&#8221;]<\/p>\n<p>Useat lyhyemm\u00e4t lis\u00e4koulutukset ovat vahvistaneet osaamista mm. tukiviittomien ja kuvakommunikaation sek\u00e4 sosiaalisten kuvatarinoiden ja kuvastruktuurien k\u00e4yt\u00f6ss\u00e4 toiminnanohjauksen tukena, leikkitaitojen arvioinnissa ja harjoittelussa, tunne-s\u00e4\u00e4telyn ja k\u00e4ytt\u00e4ytymisens\u00e4\u00e4telyn keinojen harjoittelussa sek\u00e4 nepsylasten ja -nuorten kouluarjen sujuvuuden tukemisessa. Olen k\u00e4ynyt my\u00f6s aivojumppa BrainGym\u00ae -koulutukset.<\/p>\n<p><strong>Asiakkainani on lapsia, nuoria ja nuoria aikuisia, joilla on erityistarpeita ja haasteita liittyen mm.<\/strong><br \/>\u272d neuropsykiatrian h\u00e4iri\u00f6ihin, kuten autismin kirjon h\u00e4iri\u00f6t, ADHD<br \/>\u272d tunne- ja k\u00e4ytt\u00e4ytymisens\u00e4\u00e4telyn pulmiin<br \/>\u272d sosiaalisen vuorovaikutuksen pulmiin<br \/>\u272d eriasteisiin kehitysviiv\u00e4stymiin ja oppimisvaikeuksiin<br \/>\u272d itsen\u00e4istymiseen ja arjenhallintaan<\/p>\n<p>[\/et_pb_text][et_pb_text _builder_version=&#8221;4.20.0&#8243; _module_preset=&#8221;default&#8221; text_font=&#8221;Rubik|700|||||||&#8221; text_text_color=&#8221;#0099B2&#8243; text_font_size=&#8221;26px&#8221; locked=&#8221;off&#8221; global_colors_info=&#8221;{}&#8221;]<\/p>\n<p>Ty\u00f6skentelykieleni on suomi.<\/p>\n<p>[\/et_pb_text][\/et_pb_column][\/et_pb_row][\/et_pb_section][et_pb_section fb_built=&#8221;1&#8243; admin_label=&#8221;Footer&#8221; _builder_version=&#8221;4.19.0&#8243; use_background_color_gradient=&#8221;on&#8221; background_color_gradient_stops=&#8221;#2e5b61 2%|rgba(0,153,178,0.4) 99%&#8221; background_color_gradient_overlays_image=&#8221;on&#8221; background_image=&#8221;https:\/\/toimeks.fi\/wp-content\/uploads\/2023\/03\/business-01.jpg&#8221; parallax=&#8221;on&#8221; min_height=&#8221;356.7px&#8221; custom_padding=&#8221;2px||7px|||&#8221; saved_tabs=&#8221;all&#8221; locked=&#8221;off&#8221; global_colors_info=&#8221;{}&#8221;][et_pb_row column_structure=&#8221;1_2,1_2&#8243; _builder_version=&#8221;4.20.0&#8243; _module_preset=&#8221;default&#8221; min_height=&#8221;383.7px&#8221; custom_margin=&#8221;5px|auto|5px|auto|true|&#8221; custom_padding=&#8221;10px||18px|||&#8221; global_colors_info=&#8221;{}&#8221;][et_pb_column type=&#8221;1_2&#8243; _builder_version=&#8221;4.20.0&#8243; _module_preset=&#8221;default&#8221; global_colors_info=&#8221;{}&#8221;][et_pb_text _builder_version=&#8221;4.20.0&#8243; _module_preset=&#8221;default&#8221; header_2_font=&#8221;Rubik|700|||||||&#8221; header_2_text_color=&#8221;#FFFFFF&#8221; header_2_line_height=&#8221;1.5em&#8221; custom_margin=&#8221;26px||5px|||&#8221; header_2_font_size_tablet=&#8221;&#8221; header_2_font_size_phone=&#8221;25px&#8221; header_2_font_size_last_edited=&#8221;on|phone&#8221; global_colors_info=&#8221;{}&#8221;]<\/p>\n<h2>Terapiapalvelut P\u00e4ivi Penttil\u00e4 Oy:<br \/>(y-tunnus 2842070-1)<\/h2>\n<p>[\/et_pb_text][et_pb_text _builder_version=&#8221;4.20.0&#8243; _module_preset=&#8221;default&#8221; text_font=&#8221;Rubik|700|||||||&#8221; text_text_color=&#8221;#FFFFFF&#8221; text_font_size=&#8221;21px&#8221; text_line_height=&#8221;1.9em&#8221; global_colors_info=&#8221;{}&#8221;]<\/p>\n<p>K\u00e4yntiosoite<strong>:<\/strong> Toimintaterapia Toimeks<br \/>Puutarhakatu 13,<br \/>90130 Oulu<\/p>\n<p>S\u00e4hk\u00f6posti: paivi.penttila@toimeks.fi<\/p>\n<p>Puh: 050-5499687<\/p>\n<p>[\/et_pb_text][\/et_pb_column][et_pb_column type=&#8221;1_2&#8243; _builder_version=&#8221;4.20.0&#8243; _module_preset=&#8221;default&#8221; global_colors_info=&#8221;{}&#8221;][et_pb_image src=&#8221;https:\/\/toimeks.fi\/wp-content\/uploads\/2023\/03\/toimeks_valmis_logo_musta_tausta-01-2.png&#8221; title_text=&#8221;Toimintaterapia Toimeks&#8221; _builder_version=&#8221;4.20.0&#8243; _module_preset=&#8221;default&#8221; custom_margin=&#8221;90px|||||&#8221; custom_margin_tablet=&#8221;-6px||||false|false&#8221; custom_margin_phone=&#8221;-2px||14px||false|false&#8221; custom_margin_last_edited=&#8221;on|phone&#8221; global_colors_info=&#8221;{}&#8221;][\/et_pb_image][\/et_pb_column][\/et_pb_row][\/et_pb_section]<\/p>\n","protected":false},"excerpt":{"rendered":"<p>TerapiapalvelutP\u00e4ivi Penttil\u00e4 OyP\u00e4ivi Penttil\u00e4 Olen P\u00e4ivi Penttil\u00e4, toimintaterapeutti (1993), neuropsykiatrinen valmentaja (2008) ja lasten ja nuorten tunnetaito-ohjaaja (2022). Yritt\u00e4j\u00e4n\u00e4 olen toiminut vuodesta 1998 l\u00e4htien. Pitk\u00e4 ty\u00f6kokemus lasten ja nuorten toimintaterapiasta on tuonut mukanaan vahvan ammattitaidon, mit\u00e4 olen t\u00e4ydent\u00e4nyt monipuolisesti lis\u00e4koulutuksin. Toimintaterapeutin ty\u00f6ss\u00e4 asiakkaiden i\u00e4nmukaisen osallisuuden ja toimijuuden tukemiseen kokonaisvaltaista n\u00e4k\u00f6kulmaa tuovat mm. liikunta- ja hyvinvointialan [&hellip;]<\/p>\n","protected":false},"author":1,"featured_media":0,"parent":0,"menu_order":0,"comment_status":"closed","ping_status":"closed","template":"","meta":{"_et_pb_use_builder":"on","_et_pb_old_content":"<!-- wp:divi\/placeholder \/-->","_et_gb_content_width":""},"_links":{"self":[{"href":"https:\/\/toimeks.fi\/index.php\/wp-json\/wp\/v2\/pages\/155"}],"collection":[{"href":"https:\/\/toimeks.fi\/index.php\/wp-json\/wp\/v2\/pages"}],"about":[{"href":"https:\/\/toimeks.fi\/index.php\/wp-json\/wp\/v2\/types\/page"}],"author":[{"embeddable":true,"href":"https:\/\/toimeks.fi\/index.php\/wp-json\/wp\/v2\/users\/1"}],"replies":[{"embeddable":true,"href":"https:\/\/toimeks.fi\/index.php\/wp-json\/wp\/v2\/comments?post=155"}],"version-history":[{"count":65,"href":"https:\/\/toimeks.fi\/index.php\/wp-json\/wp\/v2\/pages\/155\/revisions"}],"predecessor-version":[{"id":609,"href":"https:\/\/toimeks.fi\/index.php\/wp-json\/wp\/v2\/pages\/155\/revisions\/609"}],"wp:attachment":[{"href":"https:\/\/toimeks.fi\/index.php\/wp-json\/wp\/v2\/media?parent=155"}],"curies":[{"name":"wp","href":"https:\/\/api.w.org\/{rel}","templated":true}]}}

Terapiapalvelut Päivi Penttilä Oy3

<p>[et_pb_section fb_built=&#8221;1&#8243; admin_label=&#8221;Hero&#8221; _builder_version=&#8221;4.20.0&#8243; background_color=&#8221;RGBA(255,255,255,0)&#8221; use_background_color_gradient=&#8221;on&#8221; background_color_gradient_direction=&#8221;152deg&#8221; background_color_gradient_stops=&#8221;#2e5b61 17%|#0099b2 100%&#8221; background_image=&#8221;https://toimeks.fi/wp-content/uploads/2023/03/circle-background-pattern.png&#8221; custom_padding=&#8221;70px||33px|||&#8221; animation_style=&#8221;zoom&#8221; animation_intensity_zoom=&#8221;4%&#8221; hover_enabled=&#8221;0&#8243; locked=&#8221;off&#8221; global_colors_info=&#8221;{}&#8221; sticky_enabled=&#8221;0&#8243;][et_pb_row _builder_version=&#8221;4.16&#8243; background_size=&#8221;initial&#8221; background_position=&#8221;top_left&#8221; background_repeat=&#8221;repeat&#8221; custom_padding=&#8221;|||&#8221; animation_style=&#8221;slide&#8221; animation_direction=&#8221;top&#8221; animation_intensity_slide=&#8221;3%&#8221; global_colors_info=&#8221;{}&#8221;][et_pb_column type=&#8221;4_4&#8243; _builder_version=&#8221;4.16&#8243; custom_padding=&#8221;|||&#8221; global_colors_info=&#8221;{}&#8221; custom_padding__hover=&#8221;|||&#8221;][et_pb_text _builder_version=&#8221;4.20.0&#8243; text_font=&#8221;||||||||&#8221; header_font=&#8221;Rubik|700||on|||||dotted&#8221; header_text_color=&#8221;#FFFFFF&#8221; header_font_size=&#8221;60px&#8221; header_letter_spacing=&#8221;1px&#8221; header_line_height=&#8221;1.4em&#8221; background_size=&#8221;initial&#8221; background_position=&#8221;top_left&#8221; background_repeat=&#8221;repeat&#8221; custom_margin=&#8221;|||&#8221; animation_style=&#8221;fade&#8221; header_font_size_tablet=&#8221;60px&#8221; header_font_size_phone=&#8221;32px&#8221; header_font_size_last_edited=&#8221;on|phone&#8221; locked=&#8221;off&#8221; global_colors_info=&#8221;{}&#8221;]</p>
<h1>Terapiapalvelut<br />Päivi Penttilä Oy</h1>
<p>[/et_pb_text][et_pb_divider show_divider=&#8221;off&#8221; disabled_on=&#8221;on|on|off%22&#8243; _builder_version=&#8221;4.16&#8243; max_width=&#8221;120px&#8221; animation_style=&#8221;slide&#8221; animation_direction=&#8221;top&#8221; animation_intensity_slide=&#8221;30%&#8221; global_colors_info=&#8221;{}&#8221;][/et_pb_divider][/et_pb_column][/et_pb_row][/et_pb_section][et_pb_section fb_built=&#8221;1&#8243; admin_label=&#8221;About&#8221; _builder_version=&#8221;4.20.0&#8243; background_color=&#8221;#FFFFFF&#8221; custom_margin=&#8221;||60px|&#8221; custom_padding=&#8221;78px|0px|0|0px|false|false&#8221; global_colors_info=&#8221;{}&#8221;][et_pb_row column_structure=&#8221;1_2,1_2&#8243; _builder_version=&#8221;4.20.0&#8243; _module_preset=&#8221;default&#8221; custom_margin=&#8221;|auto|25px|auto||&#8221; global_colors_info=&#8221;{}&#8221;][et_pb_column type=&#8221;1_2&#8243; _builder_version=&#8221;4.20.0&#8243; _module_preset=&#8221;default&#8221; global_colors_info=&#8221;{}&#8221;][et_pb_text _builder_version=&#8221;4.20.0&#8243; text_font=&#8221;Inter||||||||&#8221; text_text_color=&#8221;#22434A&#8221; text_font_size=&#8221;18px&#8221; text_line_height=&#8221;1.8em&#8221; header_font=&#8221;Rubik|700|||||||&#8221; header_text_color=&#8221;#0099B2&#8243; header_font_size=&#8221;41px&#8221; custom_margin=&#8221;44px||-37px||false|false&#8221; custom_margin_tablet=&#8221;||-37px||false|false&#8221; custom_margin_phone=&#8221;||-37px||false|false&#8221; custom_margin_last_edited=&#8221;on|desktop&#8221; text_font_size_tablet=&#8221;16px&#8221; text_font_size_phone=&#8221;14px&#8221; text_font_size_last_edited=&#8221;on|tablet&#8221; header_font_size_tablet=&#8221;35px&#8221; header_font_size_phone=&#8221;31px&#8221; header_font_size_last_edited=&#8221;on|phone&#8221; locked=&#8221;off&#8221; global_colors_info=&#8221;{}&#8221;]</p>
<h1>Päivi Penttilä</h1>
<p>Olen Päivi Penttilä, toimintaterapeutti (1993), neuropsykiatrinen valmentaja (2008) ja lasten ja nuorten tunnetaito-ohjaaja (2022). Yrittäjänä olen toiminut vuodesta 1998 lähtien. Pitkä työkokemus lasten ja nuorten toimintaterapiasta on tuonut mukanaan vahvan ammattitaidon, mitä olen täydentänyt monipuolisesti lisäkoulutuksin.</p>
<p>Toimintaterapeutin työssä asiakkaiden iänmukaisen osallisuuden ja toimijuuden tukemiseen kokonaisvaltaista näkökulmaa tuovat mm. liikunta- ja hyvinvointialan täydennyskoulutukset (Hyvinvointivalmenjaja 2012, Personal Trainer 2013 – Trainer4you -lisensoitu) sekä omaan ammattialaan suuntutuvat psykologian opinnot ja erityispedagogiin opinnot.</p>
<p>[/et_pb_text][/et_pb_column][et_pb_column type=&#8221;1_2&#8243; _builder_version=&#8221;4.20.0&#8243; _module_preset=&#8221;default&#8221; global_colors_info=&#8221;{}&#8221;][et_pb_image src=&#8221;https://toimeks.fi/wp-content/uploads/2023/03/paivi_penttila_toimintaterapia.jpg&#8221; title_text=&#8221;Toimintaterapiapalvelut Päivi Penttilä&#8221; _builder_version=&#8221;4.20.0&#8243; _module_preset=&#8221;default&#8221; border_width_all=&#8221;10px&#8221; border_color_all=&#8221;#317d84&#8243; global_colors_info=&#8221;{}&#8221;][/et_pb_image][/et_pb_column][/et_pb_row][et_pb_row _builder_version=&#8221;4.17.1&#8243; _module_preset=&#8221;default&#8221; custom_padding=&#8221;3px|||||&#8221; global_colors_info=&#8221;{}&#8221;][et_pb_column type=&#8221;4_4&#8243; _builder_version=&#8221;4.17.1&#8243; _module_preset=&#8221;default&#8221; global_colors_info=&#8221;{}&#8221;][et_pb_text _builder_version=&#8221;4.20.0&#8243; _module_preset=&#8221;1f09816e-184e-4ce5-a4cf-b39c52c423ca&#8221; text_font=&#8221;Inter||||||||&#8221; text_text_color=&#8221;#22434A&#8221; text_font_size=&#8221;18px&#8221; text_line_height=&#8221;1.8em&#8221; text_font_size_tablet=&#8221;16px&#8221; text_font_size_phone=&#8221;14px&#8221; text_font_size_last_edited=&#8221;on|tablet&#8221; global_colors_info=&#8221;{}&#8221;]</p>
<p>Useat lyhyemmät lisäkoulutukset ovat vahvistaneet osaamista mm. tukiviittomien ja kuvakommunikaation sekä sosiaalisten kuvatarinoiden ja kuvastruktuurien käytössä toiminnanohjauksen tukena, leikkitaitojen arvioinnissa ja harjoittelussa, tunne-säätelyn ja käyttäytymisensäätelyn keinojen harjoittelussa sekä nepsylasten ja -nuorten kouluarjen sujuvuuden tukemisessa. Olen käynyt myös aivojumppa BrainGym® -koulutukset.</p>
<p><strong>Asiakkainani on lapsia, nuoria ja nuoria aikuisia, joilla on erityistarpeita ja haasteita liittyen mm.</strong><br />✭ neuropsykiatrian häiriöihin, kuten autismin kirjon häiriöt, ADHD<br />✭ tunne- ja käyttäytymisensäätelyn pulmiin<br />✭ sosiaalisen vuorovaikutuksen pulmiin<br />✭ eriasteisiin kehitysviivästymiin ja oppimisvaikeuksiin<br />✭ itsenäistymiseen ja arjenhallintaan</p>
<p>[/et_pb_text][et_pb_text _builder_version=&#8221;4.20.0&#8243; _module_preset=&#8221;default&#8221; text_font=&#8221;Rubik|700|||||||&#8221; text_text_color=&#8221;#0099B2&#8243; text_font_size=&#8221;26px&#8221; locked=&#8221;off&#8221; global_colors_info=&#8221;{}&#8221;]</p>
<p>Työskentelykieleni on suomi.</p>
<p>[/et_pb_text][/et_pb_column][/et_pb_row][/et_pb_section][et_pb_section fb_built=&#8221;1&#8243; admin_label=&#8221;Footer&#8221; _builder_version=&#8221;4.19.0&#8243; use_background_color_gradient=&#8221;on&#8221; background_color_gradient_stops=&#8221;#2e5b61 2%|rgba(0,153,178,0.4) 99%&#8221; background_color_gradient_overlays_image=&#8221;on&#8221; background_image=&#8221;https://toimeks.fi/wp-content/uploads/2023/03/business-01.jpg&#8221; parallax=&#8221;on&#8221; min_height=&#8221;356.7px&#8221; custom_padding=&#8221;2px||7px|||&#8221; saved_tabs=&#8221;all&#8221; locked=&#8221;off&#8221; global_colors_info=&#8221;{}&#8221;][et_pb_row column_structure=&#8221;1_2,1_2&#8243; _builder_version=&#8221;4.20.0&#8243; _module_preset=&#8221;default&#8221; min_height=&#8221;383.7px&#8221; custom_margin=&#8221;5px|auto|5px|auto|true|&#8221; custom_padding=&#8221;10px||18px|||&#8221; global_colors_info=&#8221;{}&#8221;][et_pb_column type=&#8221;1_2&#8243; _builder_version=&#8221;4.20.0&#8243; _module_preset=&#8221;default&#8221; global_colors_info=&#8221;{}&#8221;][et_pb_text _builder_version=&#8221;4.20.0&#8243; _module_preset=&#8221;default&#8221; header_2_font=&#8221;Rubik|700|||||||&#8221; header_2_text_color=&#8221;#FFFFFF&#8221; header_2_line_height=&#8221;1.5em&#8221; custom_margin=&#8221;26px||5px|||&#8221; header_2_font_size_tablet=&#8221;&#8221; header_2_font_size_phone=&#8221;25px&#8221; header_2_font_size_last_edited=&#8221;on|phone&#8221; global_colors_info=&#8221;{}&#8221;]</p>
<h2>Terapiapalvelut Päivi Penttilä Oy:<br />(y-tunnus 2842070-1)</h2>
<p>[/et_pb_text][et_pb_text _builder_version=&#8221;4.20.0&#8243; _module_preset=&#8221;default&#8221; text_font=&#8221;Rubik|700|||||||&#8221; text_text_color=&#8221;#FFFFFF&#8221; text_font_size=&#8221;21px&#8221; text_line_height=&#8221;1.9em&#8221; global_colors_info=&#8221;{}&#8221;]</p>
<p>Käyntiosoite<strong>:</strong> Toimintaterapia Toimeks<br />Puutarhakatu 13,<br />90130 Oulu</p>
<p>Sähköposti: paivi.penttila@toimeks.fi</p>
<p>Puh: 050-5499687</p>
<p>[/et_pb_text][/et_pb_column][et_pb_column type=&#8221;1_2&#8243; _builder_version=&#8221;4.20.0&#8243; _module_preset=&#8221;default&#8221; global_colors_info=&#8221;{}&#8221;][et_pb_image src=&#8221;https://toimeks.fi/wp-content/uploads/2023/03/toimeks_valmis_logo_musta_tausta-01-2.png&#8221; title_text=&#8221;Toimintaterapia Toimeks&#8221; _builder_version=&#8221;4.20.0&#8243; _module_preset=&#8221;default&#8221; custom_margin=&#8221;90px|||||&#8221; custom_margin_tablet=&#8221;-6px||||false|false&#8221; custom_margin_phone=&#8221;-2px||14px||false|false&#8221; custom_margin_last_edited=&#8221;on|phone&#8221; global_colors_info=&#8221;{}&#8221;][/et_pb_image][/et_pb_column][/et_pb_row][/et_pb_section]</p>

<p>TerapiapalvelutPäivi Penttilä OyPäivi Penttilä Olen Päivi Penttilä, toimintaterapeutti (1993), neuropsykiatrinen valmentaja (2008) ja lasten ja nuorten tunnetaito-ohjaaja (2022). Yrittäjänä olen toiminut vuodesta 1998 lähtien. Pitkä työkokemus lasten ja nuorten toimintaterapiasta on tuonut mukanaan vahvan ammattitaidon, mitä olen täydentänyt monipuolisesti lisäkoulutuksin. Toimintaterapeutin työssä asiakkaiden iänmukaisen osallisuuden ja toimijuuden tukemiseen kokonaisvaltaista näkökulmaa tuovat mm. liikunta- ja hyvinvointialan [&hellip;]</p>
